 h(10).
-12
Let b(q) = q**3 - q**2 + 4*q + 2. Determine b(4).
66
Let h(f) = f**2 + 10*f + 2. What is h(-9)?
-7
Let j(c) = -4*c + 5. Give j(0).
5
Let d(g) = 40*g**2 + 2*g - 1. What is d(1)?
41
Let t(m) = -7*m - 57. Calculate t(-9).
6
Let x(v) = -v**3 - 5*v**2 - 2*v - 58. Give x(-7).
54
Let j(i) = i**2 + 2*i - 20. Give j(-5).
-5
Let x(l) = -5*l**2 - l + 2. Calculate x(2).
-20
Let s(i) = i**3 - 8*i**2 + 3*i + 12. What is s(5)?
-48
Let y(o) = 128*o - 2. Calculate y(0).
-2
Let s(r) = 3*r**2 + 6*r. What is s(-3)?
9
Let q(j) = -j**2 - 5*j + 22. Give q(-8).
-2
Let x(b) = -8*b - 32. What is x(-7)?
24
Let d(p) = 2*p**3 - 10*p**2 + 4*p - 19. What is d(5)?
1
Let z(d) = -8*d**3 + d**2. Determine z(-1).
9
Let f(t) = t**3 + 3*t**2 - 2*t. Calculate f(-4).
-8
Let i(y) = -y**3 + 2*y**2 + 2*y - 44. What is i(0)?
-44
Let l(u) = 2*u**2 + 38*u + 29. What is l(-18)?
-7
Let c(l) = -l**2 - 37*l + 582. Calculate c(-49).
-6
Let h(d) = -11*d**3 - 3*d**2 + 3*d + 1. What is h(2)?
-93
Let r(m) = -6*m + 1. Give r(-8).
49
Let o(i) = 15*i + 69. Calculate o(-4).
9
Let c(d) = -14*d**2 + d. What is c(1)?
-13
Let g(b) = b**2 - 67*b - 150. Give g(69).
-12
Let s(f) = -3*f. Give s(3).
-9
Let x(z) = -z**2 + 15*z - 19. What is x(9)?
35
Let v(x) = -x**2 - 7*x + 2. Give v(-5).
12
Let w(q) = -q**3 - 5*q**2 - 3*q - 2. Calculate w(-5).
13
Let q(z) = 31*z**2 + z. Calculate q(1).
32
Let g(t) = 10*t + 12. Calculate g(-7).
-58
Let y(o) = -12*o + 2. What is y(3)?
-34
Let y(a) = 7*a - 210. Give y(31).
7
Let n(z) = z**2 + 17*z + 47. Give n(-14).
5
Let m(t) = t**2 - 3*t + 6. Determine m(7).
34
Let y(s) = -s**3 - 6*s**2 - 6. Determine y(-6).
-6
Let g(v) = -3*v**3 - 2*v**2 - v + 2. Give g(2).
-32
Let o(u) = u**3 + 13*u**2 + u + 14. Calculate o(-13).
1
Let r(w) = -22*w + 7. Give r(-3).
73
Let t(i) = 16*i - 65. Calculate t(6).
31
Let a(l) = 6*l**2 - 11*l + 15. Give a(3).
36
Let s(a) = -28*a**2 + 1. What is s(-1)?
-27
Let f(k) = -k**3 - 7*k**2 + 9*k - 5. Calculate f(-8).
-13
Let o(u) = 2*u**2 + 5*u - 25. Give o(4).
27
Let w(j) = j**3 - j**2 - 5*j - 2. Determine w(3).
1
Let b(j) = j**2 - 20*j + 90. Determine b(5).
15
Let d(i) = -i**3 - 7*i**2 + 15*i - 2. Give d(-8).
-58
Let g(n) = -n**3 - 10*n**2 + 8. Calculate g(-10).
8
Let x(o) = -o**3 - 17*o**2 - 17*o - 22. What is x(-16)?
-6
Let d(w) = 76*w - 386. What is d(5)?
-6
Let m(d) = d**2 + 7*d + 12. Calculate m(-5).
2
Let c(n) = -3*n - 21. Calculate c(-8).
3
Let y(h) = h**2 + 7*h - 3. Give y(-4).
-15
Let r(j) = j**2 - 8*j - 155. What is r(17)?
-2
Let t(b) = -10*b**3 + b**2 - 4*b + 3. Determine t(1).
-10
Let p(c) = 2*c + 5. Determine p(-5).
-5
Let d(x) = -12*x + 151. Give d(13).
-5
Let t(m) = -m**3 - 7*m**2 + 16*m + 28. Determine t(-8).
-36
Let l(t) = 2*t**2 + 51*t + 11. What is l(-26)?
37
Let k(f) = -f**2 + 11*f - 58. Determine k(6).
-28
Let g(s) = 37*s**2 + 3*s + 4. Calculate g(-1).
38
Let n(s) = -10*s**2 - 3*s + 3. Determine n(1).
-10
Let r(v) = -7*v**2 - 2*v - 9. Give r(-3).
-66
Let a(u) = -u**3 - 4*u**2 + 22*u + 64. What is a(-6)?
4
Let f(x) = -4*x + 24. Calculate f(8).
-8
Let z(u) = 3*u**2 - u + 14. Give z(6).
116
Let l(h) = -4*h - 3. Determine l(-7).
25
Let k(d) = -d**3 - 12*d**2 - 14*d - 27. Calculate k(-11).
6
Let v(n) = -10*n**2 - 65*n - 27. Give v(-6).
3
Let o(v) = v**2 + 16*v + 18. Give o(-15).
3
Let w(n) = n - 38. Give w(0).
-38
Let p(z) = -4*z + 1. Give p(3).
-11
Let l(a) = 11*a - 3. Determine l(4).
41
Let r(a) = a**2 + 49*a - 268. Calculate r(-54).
2
Let o(j) = j**2 - 10*j - 6. Calculate o(10).
-6
Let i(k) = k**3 + 9*k**2 + 13*k - 3. Calculate i(-6).
27
Let a(g) = g**2 - 12*g + 3. Calculate a(9).
-24
Let c(w) = -w + 20. Give c(18).
2
Let x(z) = -z**3 + 6*z**2 - 5*z + 10. What is x(5)?
10
Let l(m) = -m**3 - 5*m**2 - 4*m - 2. Determine l(-2).
-6
Let c(l) = l**3 - 10*l**2 - 14*l + 39. Calculate c(9).
-168
Let h(x) = 4*x**2 + 134*x - 52. What is h(-34)?
16
Let y(f) = 2*f**2 - 5*f + 89. What is y(0)?
89
Let t(k) = k**2 + 17*k + 30. What is t(-15)?
0
Let j(y) = y**3 - 5*y**2 - 7*y - 15. What is j(7)?
34
Let s(u) = u**2 + 15*u - 85. Give s(-20).
15
Let v(g) = g**3 - 12*g**2 + g - 11. Determine v(12).
1
Let u(a) = 6*a - 28. What is u(3)?
-10
Let i(s) = s + 5. Determine i(4).
9
Let w(n) = n**3 + 8*n**2 - 20*n - 33. Give w(-10).
-33
Let z(n) = 2*n**2 - 36*n + 1. Calculate z(17).
-33
Let n(j) = j**3 - 8*j**2 - 4*j - 6. What is n(10)?
154
Let j(t) = -51*t + 16. Calculate j(0).
16
Let d(r) = r**2 - 8*r + 18. Determine d(6).
6
Let l(d) = 117*d + 2. Determine l(-1).
-115
Let v(i) = -i**3 + 2*i**2 - 4*i + 5. Calculate v(3).
-16
Let m(j) = 2*j**2 - 15*j - 54. What is m(10)?
-4
Let x(d) = -17*d**2 - d - 2. Calculate x(-1).
-18
Let y(z) = z - 3. Give y(-3).
-6
Let w(h) = h**2 - 9*h - 4. What is w(10)?
6
Let n(m) = -14*m. Give n(1).
-14
Let v(z) = z**2 + z - 3. What is v(5)?
27
Let q(b) = 31*b - 162. Determine q(5).
-7
Let f(p) = 24*p - 3. Calculate f(1).
21
Let b(o) = -2*o**2 - 6*o - 12. Determine b(-6).
-48
Let t(l) = l**2 - 11*l + 8. Calculate t(8).
-16
Let x(s) = 2*s + 1. What is x(7)?
15
Let y(c) = c**3 - 5*c**2 - 12*c + 13. Determine y(7).
27
Let o(b) = -6*b + 1. What is o(-1)?
7
Let g(k) = 9*k + 13. Determine g(-4).
-23
Let c(v) = -2*v**2 + 4*v - 8. Calculate c(6).
-56
Let s(j) = -4*j**2 - 25*j + 10. What is s(-7)?
-11
Let b(l) = -3*l**2 - 26*l - 10. What is b(-8)?
6
Let y(b) = 17*b**2. Give y(1).
17
Let c(d) = d**3 + 2*d**2 - 2*d - 11. What is c(0)?
-11
Let y(u) = 17*u - 150. What is y(8)?
-14
Let o(q) = 3*q**2 + 22*q + 16. Determine o(-6).
-8
Let a(b) = 2*b + 5. Give a(5).
15
Let g(c) = c + 14. Give g(-4).
10
Let s(u) = 2*u**2 + 7*u - 5. Determine s(-8).
67
Let h(z) = 2*z + 24. Calculate h(0).
24
Let w(g) = 6*g - 7. What is w(2)?
5
Let h(o) = o + 17. Determine h(-16).
1
Let a(m) = -m**2 + 13*m - 10. Calculate a(12).
2
Let b(y) = y**2 + 3*y - 99. Determine b(-13).
31
Let k(i) = -i**3 + 7*i**2 + 22*i - 10. What is k(9)?
26
Let g(c) = -10*c + 93. Give g(10).
-7
Let d(u) = u**2 + 12*u. Calculate d(-7).
-35
Let u(t) = 5*t**2 + 41*t + 11. Give u(-8).
3
Let z(g) = -g + 8. What is z(5)?
3
Let w(g) = -g**3 - 12*g**2 + 15*g + 12. Determine w(-13).
-14
Let f(d) = d**2 + 5*d - 3. Calculate f(-7).
11
Let x(i) = i**3 - 6*i**2 + 5*i + 7. Give x(5).
7
Let a(l) = -l**3 - 41*l**2 + 40*l - 33. Calculate a(-42).
51
Let t(l) = -l**3 + 15*l**2 - 26*l + 15. Calculate t(13).
15
Let o(c) = -c - 4. Determine o(-3).
-1
Let f(b) = 4*b**2 - 2. Give f(-1).
2
Let m(p) = -p**2 - 2*p + 39. Calculate m(9).
-60
Let u(n) = -3*n + 31. Calculate u(-5).
46
Let h(r) = 9*r - 147. Calculate h(17).
6
Let l(a) = -a**3 - 18*a**2 - 32*a + 15. What is l(-16)?
15
Let y(f) = 5*f + 34. Determine y(-9).
-11
Let j(n) = -2*n**3 - 4*n**2 - 4*n - 2. What is j(-2)?
6
Let k(m) = m**2 + m - 20. Give k(-5).
0
Let c(v) = 2*v**2 - 56*v - 27. What is c(29)?
31
Let q(v) = 3*v**2 - 12*v - 19. What is q(8)?
77
Let f(p) = -p**3 + 2*p**2 + 5*p - 2. Calculate f(3).
4
Let d(s) = 6*s - 67. Give d(12).
5
Let z(c) = 42*c**2 + 7*c + 1. Determine z(-1).
36
Let t(s) = s**3 - 6*s**2 - 28*s + 6. Determine t(9).
-3
Let c(v) = 10*v + 7. Calculate c(-5).
-43
Let f(a) = 23*a**3 + 3*a - 2. Give f(1).
24
Let g(m) = 2*m**3 - 22*m**2 - 8. Determine g(11).
-8
Let q(z) = -z**3 - z**2 + 2*z + 5. Give q(-4).
45
Let z(g) = 2*g**2 - 7*g - 1. What is z(6)?
29
Let n(s) = -12*s - 28. Give n(-2).
-4
Let q(p) = -p**3 + 19*p**2 + 26*p + 12. What is q(20)?
132
Let f(i) = -2*i**2 - 9*i - 4. Give f(-4).
0
Let u(n) = 5*n - 33. Give u(4).
-13
Let g(x) = 2*x**2 - 2*x - 6. Determine g(-2).
6
Let y(r) = r**3 - 3*r**2 - 10*r - 6. What is y(5)?
-6
Let w(y) = -2*y - 59. Give w(-35).
11
Let z(w) = w**2 + 2*w - 3. Determine z(-3).
0
Let k(o) = -23*o + 66. Give k(3).
-3
Let s(j) = -18*j + 27. Determine s(2).
-9
Let l(k) = 4*k - 12. Determine l(6).
12
Let z(c) = -c**3 - 28*c**2 + 31*c + 86. Determine z(-29).
28
Let p(x) = -x**2 - 8*x + 11. Determine p(-9).
2
Let u(t) = -31*t + 6. What is u(-2)?
68
Let q(h) = h - 1. Determine q(-6).
-7
Let u(h) = -h**3 + 5*h**2 - 5*h + 12. What is u(4)?
8
Let z(s) = s**3 + 6*s**2 - 3*s - 1. What is z(-6)?
17
Let t(n) = -10*n + 16. What is t(7)?
-54
Let x(h) = 20*h. Determine x(1).
20
Let s(l) = -7*l**3 - 1. What is s(-1)?
6
Let t(j) = -j - 8. What is t(-7)?
-1
Let h(i) = i**3 + 10*i**2 + 18*i + 9. Determine h(-8).
-7
Let c(m) =